{"id":1395,"date":"2025-12-20T20:39:29","date_gmt":"2025-12-20T20:39:29","guid":{"rendered":"https:\/\/wordpress-nup59.wasmer.app\/?page_id=1395"},"modified":"2025-12-20T20:40:33","modified_gmt":"2025-12-20T20:40:33","slug":"politica-de-cookies","status":"publish","type":"page","link":"https:\/\/www.valeriavoguu.com\/index.php\/politica-de-cookies\/","title":{"rendered":"Polit\u00ecca de Cookies"},"content":{"rendered":"\n<p data-path-to-node=\"7\">Esta Pol\u00edtica de Cookies explica qu\u00e9 son las cookies, c\u00f3mo las utilizamos en el sitio web <b data-path-to-node=\"7\" data-index-in-node=\"90\"><a href=\"https:\/\/www.google.com\/search?q=https:\/\/www.valeriavoguu.com\" target=\"_blank\" rel=\"noopener\" data-hveid=\"0\" data-ved=\"0CAAQ_4QMahgKEwjIidCo_8yRAxUAAAAAHQAAAAAQjwE\">www.valeriavoguu.com<\/a><\/b> (el \u201cSitio\u201d), qu\u00e9 tipos de cookies empleamos, qu\u00e9 informaci\u00f3n recogen y c\u00f3mo puede gestionar sus preferencias.<\/p>\n<p data-path-to-node=\"8\">Para m\u00e1s informaci\u00f3n sobre c\u00f3mo tratamos sus datos personales, consulte nuestra Pol\u00edtica de Privacidad.<\/p>\n<p data-path-to-node=\"9\"><b data-path-to-node=\"9\" data-index-in-node=\"0\">El responsable del tratamiento es:<\/b><\/p>\n<ul data-path-to-node=\"10\">\n<li>\n<p data-path-to-node=\"10,0,0\"><b data-path-to-node=\"10,0,0\" data-index-in-node=\"0\">Titular:<\/b> Mario Forc\u00e9n Gim\u00e9nez<\/p>\n<\/li>\n<li>\n<p data-path-to-node=\"10,1,0\"><b data-path-to-node=\"10,1,0\" data-index-in-node=\"0\">NIF:<\/b> 26280561W<\/p>\n<\/li>\n<li>\n<p data-path-to-node=\"10,2,0\"><b data-path-to-node=\"10,2,0\" data-index-in-node=\"0\">Domicilio:<\/b> Calle Fray Juan Regla 35, PRL izq, 50017 Zaragoza, Espa\u00f1a<\/p>\n<\/li>\n<li>\n<p data-path-to-node=\"10,3,0\"><b data-path-to-node=\"10,3,0\" data-index-in-node=\"0\">Correo de contacto:<\/b> info.valeriavogu@outlook.com<\/p>\n<\/li>\n<\/ul>\n<h3 data-path-to-node=\"11\">1. \u00bfQu\u00e9 son las cookies?<\/h3>\n<p data-path-to-node=\"12\">Una cookie es un peque\u00f1o archivo de texto que un sitio web almacena en su ordenador o dispositivo m\u00f3vil cuando usted visita el sitio. Las cookies permiten que el sitio web recuerde sus acciones y preferencias (como inicio de sesi\u00f3n, idioma, tama\u00f1o de letra y otras preferencias de visualizaci\u00f3n) durante un per\u00edodo de tiempo, para que no tenga que volver a configurarlas cada vez que regresa al sitio o navega de una p\u00e1gina a otra.<\/p>\n<h3 data-path-to-node=\"13\">2. \u00bfC\u00f3mo utilizamos las cookies?<\/h3>\n<p data-path-to-node=\"14\">Utilizamos cookies propias y de terceros por varias razones. Algunas cookies son necesarias por motivos t\u00e9cnicos para que nuestro sitio web funcione, y las llamamos cookies \u00abesenciales\u00bb o \u00abestrictamente necesarias\u00bb. Otras cookies nos permiten rastrear y orientar los intereses de nuestros usuarios para mejorar la experiencia en nuestro Sitio. Finalmente, terceros pueden servir cookies a trav\u00e9s de nuestro Sitio con fines de publicidad, an\u00e1lisis y otros.<\/p>\n<p data-path-to-node=\"15\">A continuaci\u00f3n, describimos los tipos de cookies que utilizamos:<\/p>\n<p data-path-to-node=\"16\"><b data-path-to-node=\"16\" data-index-in-node=\"0\">a) Cookies Estrictamente Necesarias<\/b> Son esenciales para que pueda navegar por el sitio web y utilizar sus funciones, como acceder a \u00e1reas seguras o utilizar el carrito de la compra. Sin estas cookies, los servicios que ha solicitado, como procesar un pedido, no se pueden proporcionar.<\/p>\n<p data-path-to-node=\"17\"><b data-path-to-node=\"17\" data-index-in-node=\"0\">b) Cookies de Rendimiento y An\u00e1lisis<\/b> Estas cookies recopilan informaci\u00f3n an\u00f3nima sobre c\u00f3mo los visitantes utilizan nuestro sitio web. Por ejemplo, nos ayudan a entender qu\u00e9 p\u00e1ginas son las m\u00e1s visitadas, cu\u00e1nto tiempo pasan los usuarios en el sitio y si reciben mensajes de error. Toda la informaci\u00f3n que recogen estas cookies es agregada y, por lo tanto, an\u00f3nima. Solo se utiliza para mejorar el funcionamiento del sitio web.<\/p>\n<p data-path-to-node=\"18\"><b data-path-to-node=\"18\" data-index-in-node=\"0\">c) Cookies de Funcionalidad<\/b> Estas cookies permiten que el sitio web recuerde las elecciones que usted hace (como su nombre de usuario, idioma o la regi\u00f3n en la que se encuentra) para proporcionar una experiencia m\u00e1s personal y mejorada. Por ejemplo, pueden recordar los art\u00edculos que ha guardado en su lista de deseos o en su carrito entre visitas.<\/p>\n<p data-path-to-node=\"19\"><b data-path-to-node=\"19\" data-index-in-node=\"0\">d) Cookies de Publicidad y Marketing<\/b> Estas cookies se utilizan para hacer que los mensajes publicitarios sean m\u00e1s relevantes para usted y sus intereses. Rastrean sus h\u00e1bitos de navegaci\u00f3n para mostrarle anuncios personalizados tanto en nuestro sitio como en otros sitios web. Suelen ser cookies de terceros, instaladas por nuestros socios publicitarios (por ejemplo, Google o Facebook).<\/p>\n<h3 data-path-to-node=\"20\">3. Cookies de Terceros<\/h3>\n<p data-path-to-node=\"21\">Adem\u00e1s de nuestras propias cookies, tambi\u00e9n podemos utilizar diversas cookies de terceros para informar de las estad\u00edsticas de uso del Sitio, entregar anuncios, etc. Estos terceros pueden incluir:<\/p>\n<ul data-path-to-node=\"22\">\n<li>\n<p data-path-to-node=\"22,0,0\"><b data-path-to-node=\"22,0,0\" data-index-in-node=\"0\">Proveedores de an\u00e1lisis:<\/b> Como Google Analytics, para analizar el tr\u00e1fico del sitio.<\/p>\n<\/li>\n<li>\n<p data-path-to-node=\"22,1,0\"><b data-path-to-node=\"22,1,0\" data-index-in-node=\"0\">Plataformas de comercio electr\u00f3nico:<\/b> Nuestro sitio est\u00e1 alojado en una plataforma que puede utilizar sus propias cookies para garantizar la funcionalidad (por ejemplo, WordPress\/WooCommerce).<\/p>\n<\/li>\n<li>\n<p data-path-to-node=\"22,2,0\"><b data-path-to-node=\"22,2,0\" data-index-in-node=\"0\">Redes sociales y socios publicitarios:<\/b> Para permitir la integraci\u00f3n con redes sociales o para mostrar publicidad personalizada.<\/p>\n<\/li>\n<li>\n<p data-path-to-node=\"22,3,0\"><b data-path-to-node=\"22,3,0\" data-index-in-node=\"0\">Pasarelas de pago:<\/b> Para procesar los pagos de forma segura y prevenir el fraude.<\/p>\n<\/li>\n<\/ul>\n<p data-path-to-node=\"23\">No controlamos estas cookies de terceros. Le recomendamos que revise las pol\u00edticas de privacidad y cookies de estos terceros para entender c\u00f3mo utilizan su informaci\u00f3n.<\/p>\n<h3 data-path-to-node=\"24\">4. \u00bfC\u00f3mo puede controlar las cookies?<\/h3>\n<p data-path-to-node=\"25\">Usted tiene derecho a decidir si acepta o rechaza las cookies. Puede ejercer sus preferencias de cookies a trav\u00e9s de nuestro banner de consentimiento de cookies la primera vez que visita nuestro sitio.<\/p>\n<p data-path-to-node=\"26\">Adem\u00e1s, puede configurar o modificar los controles de su navegador web para aceptar o rechazar cookies. Si decide rechazar las cookies, podr\u00e1 seguir utilizando nuestro sitio web, aunque su acceso a algunas funcionalidades y \u00e1reas puede quedar restringido.<\/p>\n<p data-path-to-node=\"27\">A continuaci\u00f3n, le proporcionamos enlaces a las p\u00e1ginas de ayuda de los principales navegadores donde puede consultar c\u00f3mo gestionar las cookies:<\/p>\n<ul data-path-to-node=\"28\">\n<li>\n<p data-path-to-node=\"28,0,0\"><b data-path-to-node=\"28,0,0\" data-index-in-node=\"0\">Google Chrome:<\/b> <a href=\"https:\/\/support.google.com\/chrome\/answer\/95647\" target=\"_blank\" rel=\"noopener\" data-hveid=\"0\" data-ved=\"0CAAQ_4QMahgKEwjIidCo_8yRAxUAAAAAHQAAAAAQkAE\">https:\/\/support.google.com\/chrome\/answer\/95647<\/a><\/p>\n<\/li>\n<li>\n<p data-path-to-node=\"28,1,0\"><b data-path-to-node=\"28,1,0\" data-index-in-node=\"0\">Mozilla Firefox:<\/b> <a href=\"https:\/\/support.mozilla.org\/es\/kb\/habilitar-y-deshabilitar-cookies-sitios-web-rastrear-preferencias\" target=\"_blank\" rel=\"noopener\" data-hveid=\"0\" data-ved=\"0CAAQ_4QMahgKEwjIidCo_8yRAxUAAAAAHQAAAAAQkQE\">https:\/\/support.mozilla.org\/es\/kb\/habilitar-y-deshabilitar-cookies-sitios-web-rastrear-preferencias<\/a><\/p>\n<\/li>\n<li>\n<p data-path-to-node=\"28,2,0\"><b data-path-to-node=\"28,2,0\" data-index-in-node=\"0\">Microsoft Edge:<\/b> <a href=\"https:\/\/support.microsoft.com\/es-es\/windows\/eliminar-y-administrar-cookies-168dab11-0753-043d-7c16-ede5947fc64d\" target=\"_blank\" rel=\"noopener\" data-hveid=\"0\" data-ved=\"0CAAQ_4QMahgKEwjIidCo_8yRAxUAAAAAHQAAAAAQkgE\">https:\/\/support.microsoft.com\/es-es\/windows\/eliminar-y-administrar-cookies-168dab11-0753-043d-7c16-ede5947fc64d<\/a><\/p>\n<\/li>\n<li>\n<p data-path-to-node=\"28,3,0\"><b data-path-to-node=\"28,3,0\" data-index-in-node=\"0\">Safari (macOS):<\/b> <a href=\"https:\/\/support.apple.com\/es-es\/guide\/safari\/sfri11471\/mac\" target=\"_blank\" rel=\"noopener\" data-hveid=\"0\" data-ved=\"0CAAQ_4QMahgKEwjIidCo_8yRAxUAAAAAHQAAAAAQkwE\">https:\/\/support.apple.com\/es-es\/guide\/safari\/sfri11471\/mac<\/a><\/p>\n<\/li>\n<li>\n<p data-path-to-node=\"28,4,0\"><b data-path-to-node=\"28,4,0\" data-index-in-node=\"0\">Safari (iOS):<\/b> <a href=\"https:\/\/support.apple.com\/es-es\/HT201265\" target=\"_blank\" rel=\"noopener\" data-hveid=\"0\" data-ved=\"0CAAQ_4QMahgKEwjIidCo_8yRAxUAAAAAHQAAAAAQlAE\">https:\/\/support.apple.com\/es-es\/HT201265<\/a><\/p>\n<\/li>\n<\/ul>\n<h3 data-path-to-node=\"29\">5. Cambios en esta Pol\u00edtica de Cookies<\/h3>\n<p data-path-to-node=\"30\">Podemos actualizar esta Pol\u00edtica de Cookies ocasionalmente para reflejar, por ejemplo, cambios en las cookies que utilizamos o por otras razones operativas, legales o reglamentarias. Por ello, le recomendamos que visite esta p\u00e1gina con regularidad para mantenerse informado sobre nuestro uso de cookies.<\/p>\n<h3 data-path-to-node=\"31\">6. \u00bfD\u00f3nde puede obtener m\u00e1s informaci\u00f3n?<\/h3>\n<p data-path-to-node=\"32\">Si tiene alguna pregunta sobre nuestro uso de cookies o sobre esta pol\u00edtica, por favor, p\u00f3ngase en contacto con nosotros a trav\u00e9s de nuestro correo electr\u00f3nico: <b data-path-to-node=\"32\" data-index-in-node=\"161\">info.valeriavogu@outlook.com<\/b>.<\/p>\n","protected":false},"excerpt":{"rendered":"<p>Esta Pol\u00edtica de Cookies explica qu\u00e9 son las cookies, c\u00f3mo las utilizamos en el sitio web www.valeriavoguu.com (el \u201cSitio\u201d), qu\u00e9 [&hellip;]<\/p>\n","protected":false},"author":1,"featured_media":0,"parent":0,"menu_order":0,"comment_status":"closed","ping_status":"closed","template":"","meta":{"site-sidebar-layout":"default","site-content-layout":"","ast-site-content-layout":"default","site-content-style":"default","site-sidebar-style":"default","ast-global-header-display":"","ast-banner-title-visibility":"","ast-main-header-display":"","ast-hfb-above-header-display":"","ast-hfb-below-header-display":"","ast-hfb-mobile-header-display":"","site-post-title":"","ast-breadcrumbs-content":"","ast-featured-img":"","footer-sml-layout":"","ast-disable-related-posts":"","theme-transparent-header-meta":"","adv-header-id-meta":"","stick-header-meta":"","header-above-stick-meta":"","header-main-stick-meta":"","header-below-stick-meta":"","astra-migrate-meta-layouts":"default","ast-page-background-enabled":"default","ast-page-background-meta":{"desktop":{"background-color":"var(--ast-global-color-4)","background-image":"","background-repeat":"repeat","background-position":"center center","background-size":"auto","background-attachment":"scroll","background-type":"","background-media":"","overlay-type":"","overlay-color":"","overlay-opacity":"","overlay-gradient":""},"tablet":{"background-color":"","background-image":"","background-repeat":"repeat","background-position":"center center","background-size":"auto","background-attachment":"scroll","background-type":"","background-media":"","overlay-type":"","overlay-color":"","overlay-opacity":"","overlay-gradient":""},"mobile":{"background-color":"","background-image":"","background-repeat":"repeat","background-position":"center center","background-size":"auto","background-attachment":"scroll","background-type":"","background-media":"","overlay-type":"","overlay-color":"","overlay-opacity":"","overlay-gradient":""}},"ast-content-background-meta":{"desktop":{"background-color":"var(--ast-global-color-5)","background-image":"","background-repeat":"repeat","background-position":"center center","background-size":"auto","background-attachment":"scroll","background-type":"","background-media":"","overlay-type":"","overlay-color":"","overlay-opacity":"","overlay-gradient":""},"tablet":{"background-color":"var(--ast-global-color-5)","background-image":"","background-repeat":"repeat","background-position":"center center","background-size":"auto","background-attachment":"scroll","background-type":"","background-media":"","overlay-type":"","overlay-color":"","overlay-opacity":"","overlay-gradient":""},"mobile":{"background-color":"var(--ast-global-color-5)","background-image":"","background-repeat":"repeat","background-position":"center center","background-size":"auto","background-attachment":"scroll","background-type":"","background-media":"","overlay-type":"","overlay-color":"","overlay-opacity":"","overlay-gradient":""}},"footnotes":""},"class_list":["post-1395","page","type-page","status-publish","hentry"],"_links":{"self":[{"href":"https:\/\/www.valeriavoguu.com\/index.php\/wp-json\/wp\/v2\/pages\/1395","targetHints":{"allow":["GET"]}}],"collection":[{"href":"https:\/\/www.valeriavoguu.com\/index.php\/wp-json\/wp\/v2\/pages"}],"about":[{"href":"https:\/\/www.valeriavoguu.com\/index.php\/wp-json\/wp\/v2\/types\/page"}],"author":[{"embeddable":true,"href":"https:\/\/www.valeriavoguu.com\/index.php\/wp-json\/wp\/v2\/users\/1"}],"replies":[{"embeddable":true,"href":"https:\/\/www.valeriavoguu.com\/index.php\/wp-json\/wp\/v2\/comments?post=1395"}],"version-history":[{"count":0,"href":"https:\/\/www.valeriavoguu.com\/index.php\/wp-json\/wp\/v2\/pages\/1395\/revisions"}],"wp:attachment":[{"href":"https:\/\/www.valeriavoguu.com\/index.php\/wp-json\/wp\/v2\/media?parent=1395"}],"curies":[{"name":"wp","href":"https:\/\/api.w.org\/{rel}","templated":true}]}}